{"id":3952,"date":"2023-09-21T20:41:34","date_gmt":"2023-09-21T19:41:34","guid":{"rendered":"https:\/\/knjiznica.spanger.org\/?page_id=3952"},"modified":"2023-10-10T19:12:41","modified_gmt":"2023-10-10T18:12:41","slug":"kontakt","status":"publish","type":"page","link":"https:\/\/knjiznica.spanger.org\/?page_id=3952","title":{"rendered":"Kontakt"},"content":{"rendered":"\n<p><strong>Knji\u017eni\u010darka<\/strong><\/p>\n\n\n\n<p>Zvonka \u0160panger<\/p>\n\n\n\n<p>telefon: 01 360 12 26<\/p>\n\n\n\n<p>e-po\u0161ta: zvonka.spanger@osdobrova.si<\/p>\n","protected":false},"excerpt":{"rendered":"<p>Knji\u017eni\u010darka Zvonka \u0160panger telefon: 01 360 12 26 e-po\u0161ta: zvonka.spanger@osdobrova.si<\/p>\n","protected":false},"author":1,"featured_media":0,"parent":0,"menu_order":0,"comment_status":"closed","ping_status":"closed","template":"","meta":{"ngg_post_thumbnail":0,"h5ap_radio_sources":[],"footnotes":""},"class_list":["post-3952","page","type-page","status-publish","hentry"],"_links":{"self":[{"href":"https:\/\/knjiznica.spanger.org\/index.php?rest_route=\/wp\/v2\/pages\/3952","targetHints":{"allow":["GET"]}}],"collection":[{"href":"https:\/\/knjiznica.spanger.org\/index.php?rest_route=\/wp\/v2\/pages"}],"about":[{"href":"https:\/\/knjiznica.spanger.org\/index.php?rest_route=\/wp\/v2\/types\/page"}],"author":[{"embeddable":true,"href":"https:\/\/knjiznica.spanger.org\/index.php?rest_route=\/wp\/v2\/users\/1"}],"replies":[{"embeddable":true,"href":"https:\/\/knjiznica.spanger.org\/index.php?rest_route=%2Fwp%2Fv2%2Fcomments&post=3952"}],"version-history":[{"count":1,"href":"https:\/\/knjiznica.spanger.org\/index.php?rest_route=\/wp\/v2\/pages\/3952\/revisions"}],"predecessor-version":[{"id":3953,"href":"https:\/\/knjiznica.spanger.org\/index.php?rest_route=\/wp\/v2\/pages\/3952\/revisions\/3953"}],"wp:attachment":[{"href":"https:\/\/knjiznica.spanger.org\/index.php?rest_route=%2Fwp%2Fv2%2Fmedia&parent=3952"}],"curies":[{"name":"wp","href":"https:\/\/api.w.org\/{rel}","templated":true}]}}